mon divisor of n and 4448.
32
Let t(m) = -3*m + 10. Let a(n) = -1. Let g(f) = -3*a(f) - t(f). Let o = -28 - -31. Let u be g(o). Calculate the highest common factor of u and 6.
2
Let z be 16/(-12)*(-15)/2. What is the highest common divisor of z and 130?
10
Let d be (-63)/2*170/(-51). What is the greatest common factor of 21 and d?
21
Let v be 2 - (2 - -2) - 2. Let l(j) = 4*j - 63. Let z be l(28). Let c be z + (-16)/v + -4. What is the greatest common factor of 7 and c?
7
Suppose -4*r + 7 = -5*c + 2, -c = -3. Suppose 6 = -r*z + 4*z. Let b be (-436)/z + (-38)/57. What is the highest common divisor of 18 and b?
18
Let m(u) = u**3 - 9*u**2 - u + 3. Let l be m(9). Let h be l/(-3 + 3 - 2). Suppose h*p - 20 - 7 = 0. Calculate the highest common divisor of 81 and p.
9
Suppose 741 = 116*s - 97*s. Suppose 2*n = -4*f + 64, -4*n - 2*f + 95 = -5*f. What is the highest common divisor of s and n?
13
Suppose -f = 8 - 7. Let y be (-9)/1*f + -2. Calculate the highest common factor of 14 and y.
7
Suppose 4*w = w. Suppose 0 = -2*k + 1 - 5, -l + 2*k + 5 = w. Calculate the highest common divisor of l and 6.
1
Let m(c) = 7*c + 2. Let a be m(2). Let q(p) = -5*p + 13. Let i(z) = z + 4. Let j be i(-11). Let w be q(j). What is the highest common divisor of w and a?
16
Let d be ((-3)/(-15)*0)/(-1). Suppose d = -2*j + 172 - 42. Suppose 5*m - m = 104. What is the greatest common divisor of m and j?
13
Let v(l) = 20*l - 3. Let d be v(1). What is the highest common factor of d and 136?
17
Suppose d - 4*x = -18, -4 = -4*d - x + 9. Let a(g) = g**2 - 6*g + 5. Let o be a(6). Let k = -4 + o. Calculate the highest common factor of d and k.
1
Let y(o) = -o**2 + 8*o - 6. Let z be y(3). Suppose 3*p = g - z - 7, -4*p - 53 = -3*g. Suppose -6 = n - g. What is the highest common divisor of n and 91?
13
Suppose 3*g = -3*a + 270, -4*a + 18 + 6 = 0. Let u(z) = 7*z + 7. Let y be u(5). Calculate the highest common divisor of g and y.
42
Let g(b) = 18*b**2 - 13*b - 32. Let s be g(-2). What is the highest common divisor of 48 and s?
6
Let v(s) = -28 + 0*s**2 - 22*s + 12*s**2 + 5*s + s**3. Let u be v(-13). Calculate the highest common factor of u and 40.
8
Suppose 9*s + 819 = 18*s. Calculate the greatest common divisor of 26 and s.
13
Let o be (-2)/(-5)*20/2. Let q(p) = 3*p - 6. Let r be q(3). Let n(l) = l**3 - 5*l**2 + 8*l - 5. Let c be n(r). Calculate the greatest common factor of o and c.
1
Suppose -1455 + 181 = -49*z. Let q be (-360)/(-14) - (-2)/7. What is the greatest common factor of q and z?
26
Let y(h) = h**3 + 12*h**2 - h + 6. Let c be y(-12). Suppose -2*j = -z - 94, j + 4*z = -j + 74. Calculate the greatest common factor of j and c.
9
Let q be (-1)/(-1)*(3 - 3) - -5. Suppose 3*f + 17 = -5*w, -5*f - 4*w + 3*w + 1 = 0. What is the greatest common divisor of f and q?
1
Let a be (0 - 30)*(-10)/15. Let y be (40 - 3 - 3) + -4. What is the highest common factor of a and y?
10
Suppose -b = -4*b - 2070. Let s be b/21 + 1/(-7). Let c = 121 + s. What is the highest common factor of 11 and c?
11
Suppose -3*r + 61 = -t + 542, 1924 = 4*t - 2*r. Calculate the greatest common factor of 37 and t.
37
Let t(z) = -7*z + 75. Let s(x) = -4*x + 37. Let p(b) = 9*s(b) - 4*t(b). Let r be p(-14). What is the greatest common factor of 29 and r?
29
Suppose 25*z + 220 = 45*z. Suppose -4*l + g = -310, 5*g = 4*l - 49 - 269. Calculate the greatest common factor of l and z.
11
Suppose 68*z - 92*z = -504. Suppose -2*y + 252 = y. What is the highest common divisor of z and y?
21
Suppose 2*y = -2*y + 44. Suppose 2 = c + 3*s + y, 3 = 3*c + 3*s. Let a = c - -7. What is the greatest common divisor of 39 and a?
13
Let x(v) = 5*v**2 - 12*v + 80. Let m be x(-8). Calculate the highest common factor of 217 and m.
31
Suppose -2*p = 3*c - 13, -15*p = -19*p + 2*c + 50. Calculate the highest common divisor of 352 and p.
11
Let k = 11 + -1. Let v(l) = -l**3 - l**2 + l + 2. Let a be v(0). Suppose 2*i - a*h = i + 9, -27 = -2*i + h. Calculate the highest common divisor of i and k.
5
Let l = -344 + 578. Suppose 6*z - 4*z = l. What is the highest common divisor of 13 and z?
13
Let o be 112/84*6/(-1 - -2). Suppose y - 5*y = 0. Suppose y = -4*z - 5*r + 148, r - 68 = -z - z. What is the highest common factor of o and z?
8
Suppose -2*r + 33 = -9. Let u = -230 + 233. What is the greatest common divisor of r and u?
3
Suppose -22 = -4*n + 22. Suppose -n*m + 28 = -346. What is the greatest common divisor of 51 and m?
17
Let g = -44 - -74. Suppose 0*u - 345 = 5*u. Let a = 129 + u. Calculate the greatest common factor of a and g.
30
Let k(r) = -r**2 + 7*r + 2. Let t(j) = 2*j + 7. Let x be t(0). Let i be k(x). Calculate the greatest common divisor of 2 and i.
2
Let a be (-2 - 2)*21/(-4). Let j = 80 - 38. Calculate the greatest common factor of j and a.
21
Suppose 830 = 2*j - 180*p + 176*p, 4*p = -2*j + 790. What is the greatest common factor of 60 and j?
15
Let h(b) = 5*b**2 + 49*b - 13. Let g be h(-10). Let x be 1/(-2 - (-5)/2). Let t be ((-46)/x)/(-1) + g. What is the highest common divisor of 140 and t?
20
Let l = -39 - -57. Suppose -22*j + 24*j - 47 = -5*y, -4*y - 20 = 0. What is the highest common factor of l and j?
18
Let w(d) = 6*d**2 + 8*d + 4. Let s be w(-3). What is the highest common divisor of s and 306?
34
Let x = 325 - 304. Let i(y) = -2*y + 21. Let z be i(0). Calculate the greatest common divisor of z and x.
21
Let d be (-1)/(-3) - (-595)/15. Calculate the greatest common divisor of d and 160.
40
Suppose -2*p = -4*p + 4. Let s = -14 + 25. Suppose -s*u + 22 = -10*u. What is the highest common divisor of p and u?
2
Let y(c) = 2*c**3 - 11*c**2 + 4*c + 21. Let b be y(7). Suppose 2*q = 4*a - b, -5*q + 65 = 3*a - 95. Calculate the highest common divisor of 30 and a.
10
Let x(f) = 8*f**2 + 1. Let h be x(-1). Suppose -2*q = -h + 5. Let a(i) = 7*i - 547. Let c be a(79). What is the highest common divisor of c and q?
2
Let x = -27 - -28. Let z(b) = 38*b**2 + b. Let h be z(x). What is the highest common divisor of 26 and h?
13
Let p(b) = b**2 + 7*b + 2. Let v be p(-7). Suppose -3*t + 108 = 3*o, 0 = v*o - o + 3. Calculate the highest common divisor of t and 26.
13
Suppose 5*b - 6*b - z = -434, 0 = 5*z - 10. What is the greatest common factor of 48 and b?
48
Suppose 0 = 4*s - 3 - 313. Let b = s - 43. What is the highest common factor of 24 and b?
12
Let d be (2/(-6))/(10/(-4110)). Suppose -127 - d = -6*j. What is the highest common factor of 110 and j?
22
Suppose 0 = 111*n - 104*n - 77. Calculate the greatest common divisor of n and 14.
1
Let p be ((-3)/(-45)*279)/((-1)/(-45)). What is the greatest common factor of p and 27?
27
Let d be (2 - -10) + (-2 - 1). Calculate the greatest common divisor of 9 and d.
9
Let n be 4 + -6 - -1*4. Let a be -2 + (0/(-3))/n. Let c be 1 + 4*30 + a. Calculate the greatest common factor of 17 and c.
17
Let w be (3335/58)/((-2)/(-4)). Let u = w + -94. What is the highest common factor of u and 147?
21
Let t be (-54)/(-4)*(-4)/(-3). Suppose -16 + 8 = -2*m. Suppose -a + 4*u = -2*a + 54, 0 = -m*a + 2*u + 216. What is the highest common divisor of a and t?
18
Let g = -21 + 27. Let t be (-33)/2*(-16)/g. What is the highest common divisor of 4 and t?
4
Let q be (-2)/(-5)*(-40)/(-4). Let v be (-1 - (-1 + q)) + -3. Let y be -5*v/((-21)/(-6)). What is the highest common divisor of 25 and y?
5
Let h be (-2)/5 - (3966/(-15) + -4). Let y = h - 164. Let c(v) = -v + 7. Let p be c(-6). Calculate the greatest common factor of y and p.
13
Suppose 0 = -3*c + 32 - 2. Suppose -4*r - 2*k + 2 = r, 2*k - 2 = 0. Suppose -2*t + 57 + 103 = r. What is the highest common divisor of t and c?
10
Let m be (1 - 73)/((-36)/162). Suppose 16*q - 12*q = m. Suppose 5*h - 119 = 16. Calculate the highest common factor of h and q.
27
Let i(r) be the third derivative of r**6/120 + r**5/60 + 11*r**3/6 + 3*r**2. Let f be i(0). What is the greatest common factor of f and 99?
11
Suppose -2*g - 3*d + 6 = 0, g + d = -2*d + 3. Suppose g*u - 179 = -44. What is the highest common divisor of 15 and u?
15
Let x be (7 + 343/(-35))/((-1)/30). Calculate the highest common factor of 2 and x.
2
Let x(s) = -s**3 + 37*s**2 - 67*s - 103. Let h be x(35). Calculate the greatest common divisor of 18 and h.
2
Suppose 0 = 5*p - 44 - 16. Suppose -5*w + 5*c + p + 68 = 0, -3*w - 